{"id":230,"date":"2023-09-17T17:35:47","date_gmt":"2023-09-17T17:35:47","guid":{"rendered":"https:\/\/intuitivkunst-taastrup.dk\/?page_id=230"},"modified":"2023-09-17T17:35:47","modified_gmt":"2023-09-17T17:35:47","slug":"galleri-lars-2-2","status":"publish","type":"page","link":"https:\/\/intuitivkunst-taastrup.dk\/?page_id=230","title":{"rendered":"Galleri Rita"},"content":{"rendered":"\n<p><\/p>\n\n\n\n<div class=\"wp-block-columns is-layout-flex wp-container-core-columns-is-layout-1 wp-block-columns-is-layout-flex\">\n<div class=\"wp-block-column is-layout-flow wp-block-column-is-layout-flow\">\n<p>Title: <\/p>\n\n\n\n<p>St\u00f8rrelse: 40&#215;50<\/p>\n\n\n\n<p>Materiale: Akryl p\u00e5 l\u00e6rred<\/p>\n\n\n\n<p>Bem\u00e6rkninger: Solgt<\/p>\n<\/div>\n\n\n\n<div class=\"wp-block-column is-layout-flow wp-block-column-is-layout-flow\">\n<figure class=\"wp-block-gallery has-nested-images columns-default is-cropped wp-block-gallery-1 is-layout-flex wp-block-gallery-is-layout-flex\">\n<figure class=\"wp-block-image size-large\"><img loading=\"lazy\" decoding=\"async\" width=\"579\" height=\"724\" src=\"https:\/\/intuitivkunst-taastrup.dk\/wp-content\/uploads\/2023\/09\/Rita-01-1.jpg\" alt=\"\" class=\"wp-image-232\" srcset=\"https:\/\/intuitivkunst-taastrup.dk\/wp-content\/uploads\/2023\/09\/Rita-01-1.jpg 579w, https:\/\/intuitivkunst-taastrup.dk\/wp-content\/uploads\/2023\/09\/Rita-01-1-240x300.jpg 240w\" sizes=\"(max-width: 579px) 100vw, 579px\" \/><\/figure>\n<\/figure>\n<\/div>\n<\/div>\n\n\n\n<div class=\"wp-block-columns is-layout-flex wp-container-core-columns-is-layout-4 wp-block-columns-is-layout-flex\">\n<div class=\"wp-block-column is-layout-flow wp-block-column-is-layout-flow\" style=\"flex-basis:100%\">\n<div class=\"wp-block-group is-layout-constrained wp-block-group-is-layout-constrained\">\n<div class=\"wp-block-columns is-layout-flex wp-container-core-columns-is-layout-3 wp-block-columns-is-layout-flex\">\n<div class=\"wp-block-column is-layout-flow wp-block-column-is-layout-flow\" style=\"flex-basis:100%\">\n<div class=\"wp-block-columns is-layout-flex wp-container-core-columns-is-layout-2 wp-block-columns-is-layout-flex\">\n<div class=\"wp-block-column is-layout-flow wp-block-column-is-layout-flow\">\n<p>Title: <\/p>\n\n\n\n<p>St\u00f8rrelse: 60&#215;80<\/p>\n\n\n\n<p>Materiale: Akryl p\u00e5 l\u00e6rred<\/p>\n\n\n\n<p>Bem\u00e6rkninger: <\/p>\n<\/div>\n\n\n\n<div class=\"wp-block-column is-layout-flow wp-block-column-is-layout-flow\">\n<figure class=\"wp-block-gallery has-nested-images columns-default is-cropped wp-block-gallery-2 is-layout-flex wp-block-gallery-is-layout-flex\">\n<figure class=\"wp-block-image size-large\"><img loading=\"lazy\" decoding=\"async\" width=\"622\" height=\"453\" src=\"https:\/\/intuitivkunst-taastrup.dk\/wp-content\/uploads\/2023\/09\/Rita-02-1.jpg\" alt=\"\" class=\"wp-image-231\" srcset=\"https:\/\/intuitivkunst-taastrup.dk\/wp-content\/uploads\/2023\/09\/Rita-02-1.jpg 622w, https:\/\/intuitivkunst-taastrup.dk\/wp-content\/uploads\/2023\/09\/Rita-02-1-300x218.jpg 300w\" sizes=\"(max-width: 622px) 100vw, 622px\" \/><\/figure>\n<\/figure>\n<\/div>\n<\/div>\n<\/div>\n<\/div>\n<\/div>\n<\/div>\n<\/div>\n\n\n\n<div class=\"wp-block-columns is-layout-flex wp-container-core-columns-is-layout-5 wp-block-columns-is-layout-flex\">\n<div class=\"wp-block-column is-layout-flow wp-block-column-is-layout-flow\">\n<p>Title:<\/p>\n\n\n\n<p>St\u00f8rrelse: 60&#215;80<\/p>\n\n\n\n<p>Materiale: Akryl p\u00e5 l\u00e6rred<\/p>\n\n\n\n<p>Bem\u00e6rkninger: <\/p>\n<\/div>\n\n\n\n<div class=\"wp-block-column is-layout-flow wp-block-column-is-layout-flow\">\n<figure class=\"wp-block-gallery has-nested-images columns-default is-cropped wp-block-gallery-3 is-layout-flex wp-block-gallery-is-layout-flex\">\n<figure class=\"wp-block-image size-large\"><img loading=\"lazy\" decoding=\"async\" width=\"590\" height=\"786\" src=\"https:\/\/intuitivkunst-taastrup.dk\/wp-content\/uploads\/2023\/09\/Rita-03-1.jpg\" alt=\"\" class=\"wp-image-233\" srcset=\"https:\/\/intuitivkunst-taastrup.dk\/wp-content\/uploads\/2023\/09\/Rita-03-1.jpg 590w, https:\/\/intuitivkunst-taastrup.dk\/wp-content\/uploads\/2023\/09\/Rita-03-1-225x300.jpg 225w\" sizes=\"(max-width: 590px) 100vw, 590px\" \/><\/figure>\n<\/figure>\n<\/div>\n<\/div>\n\n\n\n<div class=\"wp-block-columns is-layout-flex wp-container-core-columns-is-layout-6 wp-block-columns-is-layout-flex\">\n<div class=\"wp-block-column is-layout-flow wp-block-column-is-layout-flow\">\n<p>Title: Stileben<\/p>\n\n\n\n<p>St\u00f8rrelse: 40&#215;40<\/p>\n\n\n\n<p>Materiale: Akryl p\u00e5 l\u00e6rred<\/p>\n\n\n\n<p>Bem\u00e6rkninger: <\/p>\n<\/div>\n\n\n\n<div class=\"wp-block-column is-layout-flow wp-block-column-is-layout-flow\">\n<figure class=\"wp-block-gallery has-nested-images columns-default is-cropped wp-block-gallery-4 is-layout-flex wp-block-gallery-is-layout-flex\">\n<figure class=\"wp-block-image size-large\"><img loading=\"lazy\" decoding=\"async\" width=\"577\" height=\"571\" src=\"https:\/\/intuitivkunst-taastrup.dk\/wp-content\/uploads\/2023\/09\/Rita-04-1.jpg\" alt=\"\" class=\"wp-image-234\" srcset=\"https:\/\/intuitivkunst-taastrup.dk\/wp-content\/uploads\/2023\/09\/Rita-04-1.jpg 577w, https:\/\/intuitivkunst-taastrup.dk\/wp-content\/uploads\/2023\/09\/Rita-04-1-300x297.jpg 300w\" sizes=\"(max-width: 577px) 100vw, 577px\" \/><\/figure>\n<\/figure>\n<\/div>\n<\/div>\n\n\n\n<div class=\"wp-block-columns is-layout-flex wp-container-core-columns-is-layout-7 wp-block-columns-is-layout-flex\">\n<div class=\"wp-block-column is-layout-flow wp-block-column-is-layout-flow\">\n<p>Title:<\/p>\n\n\n\n<p>St\u00f8rrelse: 60&#215;80<\/p>\n\n\n\n<p>Materiale: Akryl p\u00e5 l\u00e6rred<\/p>\n\n\n\n<p>Bem\u00e6rkninger: <\/p>\n<\/div>\n\n\n\n<div class=\"wp-block-column is-layout-flow wp-block-column-is-layout-flow\">\n<figure class=\"wp-block-gallery has-nested-images columns-default is-cropped wp-block-gallery-5 is-layout-flex wp-block-gallery-is-layout-flex\">\n<figure class=\"wp-block-image size-large\"><img loading=\"lazy\" decoding=\"async\" width=\"624\" height=\"873\" src=\"https:\/\/intuitivkunst-taastrup.dk\/wp-content\/uploads\/2023\/09\/Rita-05-1.jpg\" alt=\"\" class=\"wp-image-235\" srcset=\"https:\/\/intuitivkunst-taastrup.dk\/wp-content\/uploads\/2023\/09\/Rita-05-1.jpg 624w, https:\/\/intuitivkunst-taastrup.dk\/wp-content\/uploads\/2023\/09\/Rita-05-1-214x300.jpg 214w\" sizes=\"(max-width: 624px) 100vw, 624px\" \/><\/figure>\n<\/figure>\n<\/div>\n<\/div>\n\n\n\n<div class=\"wp-block-columns is-layout-flex wp-container-core-columns-is-layout-8 wp-block-columns-is-layout-flex\">\n<div class=\"wp-block-column is-layout-flow wp-block-column-is-layout-flow\">\n<p>Title:<\/p>\n\n\n\n<p>St\u00f8rrelse: 40&#215;50<\/p>\n\n\n\n<p>Materiale: Akryl p\u00e5 l\u00e6rred<\/p>\n\n\n\n<p>Bem\u00e6rkninger: <\/p>\n<\/div>\n\n\n\n<div class=\"wp-block-column is-layout-flow wp-block-column-is-layout-flow\">\n<figure class=\"wp-block-gallery has-nested-images columns-default is-cropped wp-block-gallery-6 is-layout-flex wp-block-gallery-is-layout-flex\">\n<figure class=\"wp-block-image size-large\"><img loading=\"lazy\" decoding=\"async\" width=\"551\" height=\"714\" src=\"https:\/\/intuitivkunst-taastrup.dk\/wp-content\/uploads\/2023\/09\/Rita-06-2.jpg\" alt=\"\" class=\"wp-image-237\" srcset=\"https:\/\/intuitivkunst-taastrup.dk\/wp-content\/uploads\/2023\/09\/Rita-06-2.jpg 551w, https:\/\/intuitivkunst-taastrup.dk\/wp-content\/uploads\/2023\/09\/Rita-06-2-232x300.jpg 232w\" sizes=\"(max-width: 551px) 100vw, 551px\" \/><\/figure>\n<\/figure>\n<\/div>\n<\/div>\n\n\n\n<p><\/p>\n","protected":false},"excerpt":{"rendered":"<p>Title: St\u00f8rrelse: 40&#215;50 Materiale: Akryl p\u00e5 l\u00e6rred Bem\u00e6rkninger: Solgt Title: St\u00f8rrelse: 60&#215;80 Materiale: Akryl p\u00e5 l\u00e6rred Bem\u00e6rkninger: Title: St\u00f8rrelse: 60&#215;80 Materiale: Akryl p\u00e5 l\u00e6rred Bem\u00e6rkninger: Title: Stileben St\u00f8rrelse: 40&#215;40 Materiale: Akryl p\u00e5 l\u00e6rred Bem\u00e6rkninger: Title: St\u00f8rrelse: 60&#215;80 Materiale: Akryl p\u00e5 l\u00e6rred Bem\u00e6rkninger: Title: St\u00f8rrelse: 40&#215;50 Materiale: Akryl p\u00e5 l\u00e6rred Bem\u00e6rkninger:<\/p>\n","protected":false},"author":1,"featured_media":0,"parent":96,"menu_order":0,"comment_status":"closed","ping_status":"closed","template":"","meta":{"footnotes":""},"class_list":["post-230","page","type-page","status-publish","hentry"],"_links":{"self":[{"href":"https:\/\/intuitivkunst-taastrup.dk\/index.php?rest_route=\/wp\/v2\/pages\/230"}],"collection":[{"href":"https:\/\/intuitivkunst-taastrup.dk\/index.php?rest_route=\/wp\/v2\/pages"}],"about":[{"href":"https:\/\/intuitivkunst-taastrup.dk\/index.php?rest_route=\/wp\/v2\/types\/page"}],"author":[{"embeddable":true,"href":"https:\/\/intuitivkunst-taastrup.dk\/index.php?rest_route=\/wp\/v2\/users\/1"}],"replies":[{"embeddable":true,"href":"https:\/\/intuitivkunst-taastrup.dk\/index.php?rest_route=%2Fwp%2Fv2%2Fcomments&post=230"}],"version-history":[{"count":1,"href":"https:\/\/intuitivkunst-taastrup.dk\/index.php?rest_route=\/wp\/v2\/pages\/230\/revisions"}],"predecessor-version":[{"id":238,"href":"https:\/\/intuitivkunst-taastrup.dk\/index.php?rest_route=\/wp\/v2\/pages\/230\/revisions\/238"}],"up":[{"embeddable":true,"href":"https:\/\/intuitivkunst-taastrup.dk\/index.php?rest_route=\/wp\/v2\/pages\/96"}],"wp:attachment":[{"href":"https:\/\/intuitivkunst-taastrup.dk\/index.php?rest_route=%2Fwp%2Fv2%2Fmedia&parent=230"}],"curies":[{"name":"wp","href":"https:\/\/api.w.org\/{rel}","templated":true}]}}