{"id":151,"date":"2023-06-16T19:26:47","date_gmt":"2023-06-16T19:26:47","guid":{"rendered":"https:\/\/intuitivkunst-taastrup.dk\/?page_id=151"},"modified":"2023-06-16T19:29:00","modified_gmt":"2023-06-16T19:29:00","slug":"galleri-lars-3","status":"publish","type":"page","link":"https:\/\/intuitivkunst-taastrup.dk\/?page_id=151","title":{"rendered":"Galleri Lene"},"content":{"rendered":"\n<p><\/p>\n\n\n\n<div class=\"wp-block-columns is-layout-flex wp-container-core-columns-is-layout-1 wp-block-columns-is-layout-flex\">\n<div class=\"wp-block-column is-layout-flow wp-block-column-is-layout-flow\">\n<p>Title: &#8220;Placentra&#8221; Livets tr\u00e6<\/p>\n\n\n\n<p>St\u00f8rrelse:  cm<\/p>\n\n\n\n<p>Materiale: Akryl p\u00e5 l\u00e6rred<\/p>\n\n\n\n<p>Bem\u00e6rkninger: <\/p>\n<\/div>\n\n\n\n<div class=\"wp-block-column is-layout-flow wp-block-column-is-layout-flow\">\n<figure class=\"wp-block-gallery has-nested-images columns-default is-cropped wp-block-gallery-1 is-layout-flex wp-block-gallery-is-layout-flex\">\n<figure class=\"wp-block-image size-large\"><img loading=\"lazy\" decoding=\"async\" width=\"1024\" height=\"1009\" src=\"https:\/\/intuitivkunst-taastrup.dk\/wp-content\/uploads\/2023\/06\/placenta-livets-trae-1024x1009.jpeg\" alt=\"\" class=\"wp-image-149\" srcset=\"https:\/\/intuitivkunst-taastrup.dk\/wp-content\/uploads\/2023\/06\/placenta-livets-trae-1024x1009.jpeg 1024w, https:\/\/intuitivkunst-taastrup.dk\/wp-content\/uploads\/2023\/06\/placenta-livets-trae-300x296.jpeg 300w, https:\/\/intuitivkunst-taastrup.dk\/wp-content\/uploads\/2023\/06\/placenta-livets-trae-768x757.jpeg 768w, https:\/\/intuitivkunst-taastrup.dk\/wp-content\/uploads\/2023\/06\/placenta-livets-trae-1536x1514.jpeg 1536w, https:\/\/intuitivkunst-taastrup.dk\/wp-content\/uploads\/2023\/06\/placenta-livets-trae.jpeg 2048w\" sizes=\"(max-width: 1024px) 100vw, 1024px\" \/><\/figure>\n<\/figure>\n<\/div>\n<\/div>\n\n\n\n<div class=\"wp-block-columns is-layout-flex wp-container-core-columns-is-layout-4 wp-block-columns-is-layout-flex\">\n<div class=\"wp-block-column is-layout-flow wp-block-column-is-layout-flow\" style=\"flex-basis:100%\">\n<div class=\"wp-block-group is-layout-constrained wp-block-group-is-layout-constrained\">\n<div class=\"wp-block-columns is-layout-flex wp-container-core-columns-is-layout-3 wp-block-columns-is-layout-flex\">\n<div class=\"wp-block-column is-layout-flow wp-block-column-is-layout-flow\" style=\"flex-basis:100%\">\n<div class=\"wp-block-columns is-layout-flex wp-container-core-columns-is-layout-2 wp-block-columns-is-layout-flex\">\n<div class=\"wp-block-column is-layout-flow wp-block-column-is-layout-flow\">\n<p>Title: Love<\/p>\n\n\n\n<p>St\u00f8rrelse:  cm<\/p>\n\n\n\n<p>Materiale: Akryl p\u00e5 l\u00e6rred<\/p>\n\n\n\n<p>Bem\u00e6rkninger: <\/p>\n<\/div>\n\n\n\n<div class=\"wp-block-column is-layout-flow wp-block-column-is-layout-flow\">\n<figure class=\"wp-block-gallery has-nested-images columns-default is-cropped wp-block-gallery-2 is-layout-flex wp-block-gallery-is-layout-flex\">\n<figure class=\"wp-block-image size-large\"><img loading=\"lazy\" decoding=\"async\" width=\"748\" height=\"1024\" src=\"https:\/\/intuitivkunst-taastrup.dk\/wp-content\/uploads\/2023\/06\/Love-1-748x1024.jpeg\" alt=\"\" class=\"wp-image-152\" srcset=\"https:\/\/intuitivkunst-taastrup.dk\/wp-content\/uploads\/2023\/06\/Love-1-748x1024.jpeg 748w, https:\/\/intuitivkunst-taastrup.dk\/wp-content\/uploads\/2023\/06\/Love-1-219x300.jpeg 219w, https:\/\/intuitivkunst-taastrup.dk\/wp-content\/uploads\/2023\/06\/Love-1-768x1051.jpeg 768w, https:\/\/intuitivkunst-taastrup.dk\/wp-content\/uploads\/2023\/06\/Love-1-1122x1536.jpeg 1122w, https:\/\/intuitivkunst-taastrup.dk\/wp-content\/uploads\/2023\/06\/Love-1.jpeg 1496w\" sizes=\"(max-width: 748px) 100vw, 748px\" \/><\/figure>\n<\/figure>\n<\/div>\n<\/div>\n<\/div>\n<\/div>\n<\/div>\n<\/div>\n<\/div>\n\n\n\n<div class=\"wp-block-columns is-layout-flex wp-container-core-columns-is-layout-5 wp-block-columns-is-layout-flex\">\n<div class=\"wp-block-column is-layout-flow wp-block-column-is-layout-flow\">\n<p>Title: Longing<\/p>\n\n\n\n<p>St\u00f8rrelse:  cm<\/p>\n\n\n\n<p>Materiale: Akryl p\u00e5 l\u00e6rred<\/p>\n\n\n\n<p>Bem\u00e6rkninger: <\/p>\n<\/div>\n\n\n\n<div class=\"wp-block-column is-layout-flow wp-block-column-is-layout-flow\">\n<figure class=\"wp-block-gallery has-nested-images columns-default is-cropped wp-block-gallery-3 is-layout-flex wp-block-gallery-is-layout-flex\">\n<figure class=\"wp-block-image size-large\"><img loading=\"lazy\" decoding=\"async\" width=\"988\" height=\"1024\" src=\"https:\/\/intuitivkunst-taastrup.dk\/wp-content\/uploads\/2023\/06\/Longing-988x1024.jpeg\" alt=\"\" class=\"wp-image-138\" srcset=\"https:\/\/intuitivkunst-taastrup.dk\/wp-content\/uploads\/2023\/06\/Longing-988x1024.jpeg 988w, https:\/\/intuitivkunst-taastrup.dk\/wp-content\/uploads\/2023\/06\/Longing-289x300.jpeg 289w, https:\/\/intuitivkunst-taastrup.dk\/wp-content\/uploads\/2023\/06\/Longing-768x796.jpeg 768w, https:\/\/intuitivkunst-taastrup.dk\/wp-content\/uploads\/2023\/06\/Longing-1482x1536.jpeg 1482w, https:\/\/intuitivkunst-taastrup.dk\/wp-content\/uploads\/2023\/06\/Longing.jpeg 1976w\" sizes=\"(max-width: 988px) 100vw, 988px\" \/><\/figure>\n<\/figure>\n<\/div>\n<\/div>\n\n\n\n<div class=\"wp-block-columns is-layout-flex wp-container-core-columns-is-layout-6 wp-block-columns-is-layout-flex\">\n<div class=\"wp-block-column is-layout-flow wp-block-column-is-layout-flow\">\n<p>Title: People<\/p>\n\n\n\n<p>St\u00f8rrelse:  cm<\/p>\n\n\n\n<p>Materiale: Akryl p\u00e5 l\u00e6rred<\/p>\n\n\n\n<p>Bem\u00e6rkninger: <\/p>\n<\/div>\n\n\n\n<div class=\"wp-block-column is-layout-flow wp-block-column-is-layout-flow\">\n<figure class=\"wp-block-gallery has-nested-images columns-default is-cropped wp-block-gallery-4 is-layout-flex wp-block-gallery-is-layout-flex\">\n<figure class=\"wp-block-image size-large\"><img loading=\"lazy\" decoding=\"async\" width=\"1024\" height=\"421\" src=\"https:\/\/intuitivkunst-taastrup.dk\/wp-content\/uploads\/2023\/06\/people-1024x421.jpeg\" alt=\"\" class=\"wp-image-147\" srcset=\"https:\/\/intuitivkunst-taastrup.dk\/wp-content\/uploads\/2023\/06\/people-1024x421.jpeg 1024w, https:\/\/intuitivkunst-taastrup.dk\/wp-content\/uploads\/2023\/06\/people-300x123.jpeg 300w, https:\/\/intuitivkunst-taastrup.dk\/wp-content\/uploads\/2023\/06\/people-768x316.jpeg 768w, https:\/\/intuitivkunst-taastrup.dk\/wp-content\/uploads\/2023\/06\/people.jpeg 1167w\" sizes=\"(max-width: 1024px) 100vw, 1024px\" \/><\/figure>\n<\/figure>\n<\/div>\n<\/div>\n\n\n\n<div class=\"wp-block-columns is-layout-flex wp-container-core-columns-is-layout-7 wp-block-columns-is-layout-flex\">\n<div class=\"wp-block-column is-layout-flow wp-block-column-is-layout-flow\">\n<p>Title: ukendt<\/p>\n\n\n\n<p>St\u00f8rrelse:  cm<\/p>\n\n\n\n<p>Materiale: Akryl p\u00e5 l\u00e6rred<\/p>\n\n\n\n<p>Bem\u00e6rkninger: <\/p>\n<\/div>\n\n\n\n<div class=\"wp-block-column is-layout-flow wp-block-column-is-layout-flow\">\n<figure class=\"wp-block-gallery has-nested-images columns-default is-cropped wp-block-gallery-5 is-layout-flex wp-block-gallery-is-layout-flex\">\n<figure class=\"wp-block-image size-large\"><img loading=\"lazy\" decoding=\"async\" width=\"1024\" height=\"425\" src=\"https:\/\/intuitivkunst-taastrup.dk\/wp-content\/uploads\/2023\/06\/275769386_1729059270772664_5679378430062411873_n-1024x425.jpg\" alt=\"\" class=\"wp-image-146\" srcset=\"https:\/\/intuitivkunst-taastrup.dk\/wp-content\/uploads\/2023\/06\/275769386_1729059270772664_5679378430062411873_n-1024x425.jpg 1024w, https:\/\/intuitivkunst-taastrup.dk\/wp-content\/uploads\/2023\/06\/275769386_1729059270772664_5679378430062411873_n-300x125.jpg 300w, https:\/\/intuitivkunst-taastrup.dk\/wp-content\/uploads\/2023\/06\/275769386_1729059270772664_5679378430062411873_n-768x319.jpg 768w, https:\/\/intuitivkunst-taastrup.dk\/wp-content\/uploads\/2023\/06\/275769386_1729059270772664_5679378430062411873_n-1536x638.jpg 1536w, https:\/\/intuitivkunst-taastrup.dk\/wp-content\/uploads\/2023\/06\/275769386_1729059270772664_5679378430062411873_n.jpg 1542w\" sizes=\"(max-width: 1024px) 100vw, 1024px\" \/><\/figure>\n<\/figure>\n<\/div>\n<\/div>\n\n\n\n<div class=\"wp-block-columns is-layout-flex wp-container-core-columns-is-layout-8 wp-block-columns-is-layout-flex\">\n<div class=\"wp-block-column is-layout-flow wp-block-column-is-layout-flow\">\n<p>Title: Love from your girls<\/p>\n\n\n\n<p>St\u00f8rrelse:  cm<\/p>\n\n\n\n<p>Materiale: Akryl p\u00e5 l\u00e6rred<\/p>\n\n\n\n<p>Bem\u00e6rkninger: <\/p>\n<\/div>\n\n\n\n<div class=\"wp-block-column is-layout-flow wp-block-column-is-layout-flow\">\n<figure class=\"wp-block-gallery has-nested-images columns-default is-cropped wp-block-gallery-6 is-layout-flex wp-block-gallery-is-layout-flex\">\n<figure class=\"wp-block-image size-large\"><img loading=\"lazy\" decoding=\"async\" width=\"1024\" height=\"460\" src=\"https:\/\/intuitivkunst-taastrup.dk\/wp-content\/uploads\/2023\/06\/Love-from-your-girls-1024x460.jpeg\" alt=\"\" class=\"wp-image-145\" srcset=\"https:\/\/intuitivkunst-taastrup.dk\/wp-content\/uploads\/2023\/06\/Love-from-your-girls-1024x460.jpeg 1024w, https:\/\/intuitivkunst-taastrup.dk\/wp-content\/uploads\/2023\/06\/Love-from-your-girls-300x135.jpeg 300w, https:\/\/intuitivkunst-taastrup.dk\/wp-content\/uploads\/2023\/06\/Love-from-your-girls-768x345.jpeg 768w, https:\/\/intuitivkunst-taastrup.dk\/wp-content\/uploads\/2023\/06\/Love-from-your-girls.jpeg 1242w\" sizes=\"(max-width: 1024px) 100vw, 1024px\" \/><\/figure>\n<\/figure>\n<\/div>\n<\/div>\n\n\n\n<div class=\"wp-block-columns is-layout-flex wp-container-core-columns-is-layout-9 wp-block-columns-is-layout-flex\">\n<div class=\"wp-block-column is-layout-flow wp-block-column-is-layout-flow\">\n<p>Title: Leaf fall<\/p>\n\n\n\n<p>St\u00f8rrelse:  cm<\/p>\n\n\n\n<p>Materiale: Akryl p\u00e5 papir<\/p>\n\n\n\n<p>Bem\u00e6rkninger: <\/p>\n<\/div>\n\n\n\n<div class=\"wp-block-column is-layout-flow wp-block-column-is-layout-flow\">\n<figure class=\"wp-block-gallery has-nested-images columns-default is-cropped wp-block-gallery-7 is-layout-flex wp-block-gallery-is-layout-flex\">\n<figure class=\"wp-block-image size-large\"><img loading=\"lazy\" decoding=\"async\" width=\"1024\" height=\"326\" src=\"https:\/\/intuitivkunst-taastrup.dk\/wp-content\/uploads\/2023\/06\/leaf-fall--1024x326.jpeg\" alt=\"\" class=\"wp-image-144\" srcset=\"https:\/\/intuitivkunst-taastrup.dk\/wp-content\/uploads\/2023\/06\/leaf-fall--1024x326.jpeg 1024w, https:\/\/intuitivkunst-taastrup.dk\/wp-content\/uploads\/2023\/06\/leaf-fall--300x96.jpeg 300w, https:\/\/intuitivkunst-taastrup.dk\/wp-content\/uploads\/2023\/06\/leaf-fall--768x245.jpeg 768w, https:\/\/intuitivkunst-taastrup.dk\/wp-content\/uploads\/2023\/06\/leaf-fall-.jpeg 1240w\" sizes=\"(max-width: 1024px) 100vw, 1024px\" \/><\/figure>\n<\/figure>\n<\/div>\n<\/div>\n\n\n\n<div class=\"wp-block-columns is-layout-flex wp-container-core-columns-is-layout-10 wp-block-columns-is-layout-flex\">\n<div class=\"wp-block-column is-layout-flow wp-block-column-is-layout-flow\">\n<p>Title: Stepdaughter<\/p>\n\n\n\n<p>St\u00f8rrelse:  cm<\/p>\n\n\n\n<p>Materiale: Akryl p\u00e5 papir<\/p>\n\n\n\n<p>Bem\u00e6rkninger: <\/p>\n<\/div>\n\n\n\n<div class=\"wp-block-column is-layout-flow wp-block-column-is-layout-flow\">\n<figure class=\"wp-block-gallery has-nested-images columns-default is-cropped wp-block-gallery-8 is-layout-flex wp-block-gallery-is-layout-flex\">\n<figure class=\"wp-block-image size-large\"><img loading=\"lazy\" decoding=\"async\" width=\"996\" height=\"1024\" src=\"https:\/\/intuitivkunst-taastrup.dk\/wp-content\/uploads\/2023\/06\/stepdaughter-996x1024.jpeg\" alt=\"\" class=\"wp-image-142\" srcset=\"https:\/\/intuitivkunst-taastrup.dk\/wp-content\/uploads\/2023\/06\/stepdaughter-996x1024.jpeg 996w, https:\/\/intuitivkunst-taastrup.dk\/wp-content\/uploads\/2023\/06\/stepdaughter-292x300.jpeg 292w, https:\/\/intuitivkunst-taastrup.dk\/wp-content\/uploads\/2023\/06\/stepdaughter-768x790.jpeg 768w, https:\/\/intuitivkunst-taastrup.dk\/wp-content\/uploads\/2023\/06\/stepdaughter-1494x1536.jpeg 1494w, https:\/\/intuitivkunst-taastrup.dk\/wp-content\/uploads\/2023\/06\/stepdaughter.jpeg 1992w\" sizes=\"(max-width: 996px) 100vw, 996px\" \/><\/figure>\n<\/figure>\n<\/div>\n<\/div>\n\n\n\n<div class=\"wp-block-columns is-layout-flex wp-container-core-columns-is-layout-11 wp-block-columns-is-layout-flex\">\n<div class=\"wp-block-column is-layout-flow wp-block-column-is-layout-flow\">\n<p>Title: Autumn<\/p>\n\n\n\n<p>St\u00f8rrelse:  cm<\/p>\n\n\n\n<p>Materiale: Akryl p\u00e5 papir<\/p>\n\n\n\n<p>Bem\u00e6rkninger: <\/p>\n<\/div>\n\n\n\n<div class=\"wp-block-column is-layout-flow wp-block-column-is-layout-flow\">\n<figure class=\"wp-block-gallery has-nested-images columns-default is-cropped wp-block-gallery-9 is-layout-flex wp-block-gallery-is-layout-flex\">\n<figure class=\"wp-block-image size-large\"><img loading=\"lazy\" decoding=\"async\" width=\"1020\" height=\"1024\" src=\"https:\/\/intuitivkunst-taastrup.dk\/wp-content\/uploads\/2023\/06\/Autumn-swirl-1020x1024.jpeg\" alt=\"\" class=\"wp-image-140\" srcset=\"https:\/\/intuitivkunst-taastrup.dk\/wp-content\/uploads\/2023\/06\/Autumn-swirl-1020x1024.jpeg 1020w, https:\/\/intuitivkunst-taastrup.dk\/wp-content\/uploads\/2023\/06\/Autumn-swirl-300x300.jpeg 300w, https:\/\/intuitivkunst-taastrup.dk\/wp-content\/uploads\/2023\/06\/Autumn-swirl-150x150.jpeg 150w, https:\/\/intuitivkunst-taastrup.dk\/wp-content\/uploads\/2023\/06\/Autumn-swirl-768x771.jpeg 768w, https:\/\/intuitivkunst-taastrup.dk\/wp-content\/uploads\/2023\/06\/Autumn-swirl-1530x1536.jpeg 1530w, https:\/\/intuitivkunst-taastrup.dk\/wp-content\/uploads\/2023\/06\/Autumn-swirl.jpeg 2040w\" sizes=\"(max-width: 1020px) 100vw, 1020px\" \/><\/figure>\n<\/figure>\n<\/div>\n<\/div>\n\n\n\n<div class=\"wp-block-columns is-layout-flex wp-container-core-columns-is-layout-12 wp-block-columns-is-layout-flex\">\n<div class=\"wp-block-column is-layout-flow wp-block-column-is-layout-flow\">\n<p>Title: Rainbow<\/p>\n\n\n\n<p>St\u00f8rrelse:  cm<\/p>\n\n\n\n<p>Materiale: Akryl p\u00e5 papir<\/p>\n\n\n\n<p>Bem\u00e6rkninger: <\/p>\n<\/div>\n\n\n\n<div class=\"wp-block-column is-layout-flow wp-block-column-is-layout-flow\">\n<figure class=\"wp-block-gallery has-nested-images columns-default is-cropped wp-block-gallery-10 is-layout-flex wp-block-gallery-is-layout-flex\">\n<figure class=\"wp-block-image size-large\"><img loading=\"lazy\" decoding=\"async\" width=\"1024\" height=\"811\" src=\"https:\/\/intuitivkunst-taastrup.dk\/wp-content\/uploads\/2023\/06\/Rainbow--1024x811.jpeg\" alt=\"\" class=\"wp-image-137\" srcset=\"https:\/\/intuitivkunst-taastrup.dk\/wp-content\/uploads\/2023\/06\/Rainbow--1024x811.jpeg 1024w, https:\/\/intuitivkunst-taastrup.dk\/wp-content\/uploads\/2023\/06\/Rainbow--300x238.jpeg 300w, https:\/\/intuitivkunst-taastrup.dk\/wp-content\/uploads\/2023\/06\/Rainbow--768x608.jpeg 768w, https:\/\/intuitivkunst-taastrup.dk\/wp-content\/uploads\/2023\/06\/Rainbow--1536x1217.jpeg 1536w, https:\/\/intuitivkunst-taastrup.dk\/wp-content\/uploads\/2023\/06\/Rainbow-.jpeg 2048w\" sizes=\"(max-width: 1024px) 100vw, 1024px\" \/><\/figure>\n<\/figure>\n<\/div>\n<\/div>\n\n\n\n<div class=\"wp-block-columns is-layout-flex wp-container-core-columns-is-layout-13 wp-block-columns-is-layout-flex\">\n<div class=\"wp-block-column is-layout-flow wp-block-column-is-layout-flow\">\n<p>Title: Motherhood<\/p>\n\n\n\n<p>St\u00f8rrelse:  cm<\/p>\n\n\n\n<p>Materiale: Akryl p\u00e5 papir<\/p>\n\n\n\n<p>Bem\u00e6rkninger: <\/p>\n<\/div>\n\n\n\n<div class=\"wp-block-column is-layout-flow wp-block-column-is-layout-flow\">\n<figure class=\"wp-block-gallery has-nested-images columns-default is-cropped wp-block-gallery-11 is-layout-flex wp-block-gallery-is-layout-flex\">\n<figure class=\"wp-block-image size-full\"><img loading=\"lazy\" decoding=\"async\" width=\"414\" height=\"414\" src=\"https:\/\/intuitivkunst-taastrup.dk\/wp-content\/uploads\/2023\/06\/Motherhood.jpeg\" alt=\"\" class=\"wp-image-136\" srcset=\"https:\/\/intuitivkunst-taastrup.dk\/wp-content\/uploads\/2023\/06\/Motherhood.jpeg 414w, https:\/\/intuitivkunst-taastrup.dk\/wp-content\/uploads\/2023\/06\/Motherhood-300x300.jpeg 300w, https:\/\/intuitivkunst-taastrup.dk\/wp-content\/uploads\/2023\/06\/Motherhood-150x150.jpeg 150w\" sizes=\"(max-width: 414px) 100vw, 414px\" \/><\/figure>\n<\/figure>\n<\/div>\n<\/div>\n\n\n\n<div class=\"wp-block-columns is-layout-flex wp-container-core-columns-is-layout-14 wp-block-columns-is-layout-flex\">\n<div class=\"wp-block-column is-layout-flow wp-block-column-is-layout-flow\">\n<p><\/p>\n<\/div>\n\n\n\n<div class=\"wp-block-column is-layout-flow wp-block-column-is-layout-flow\">\n<figure class=\"wp-block-gallery has-nested-images columns-default is-cropped wp-block-gallery-12 is-layout-flex wp-block-gallery-is-layout-flex\"><\/figure>\n<\/div>\n<\/div>\n\n\n\n<p><\/p>\n","protected":false},"excerpt":{"rendered":"<p>Title: &#8220;Placentra&#8221; Livets tr\u00e6 St\u00f8rrelse: cm Materiale: Akryl p\u00e5 l\u00e6rred Bem\u00e6rkninger: Title: Love St\u00f8rrelse: cm Materiale: Akryl p\u00e5 l\u00e6rred Bem\u00e6rkninger: Title: Longing St\u00f8rrelse: cm Materiale: Akryl p\u00e5 l\u00e6rred Bem\u00e6rkninger: Title: People St\u00f8rrelse: cm Materiale: Akryl p\u00e5 l\u00e6rred Bem\u00e6rkninger: Title: ukendt St\u00f8rrelse: cm Materiale: Akryl p\u00e5 l\u00e6rred Bem\u00e6rkninger: Title: Love from your girls St\u00f8rrelse: cm Materiale: [&hellip;]<\/p>\n","protected":false},"author":1,"featured_media":0,"parent":96,"menu_order":0,"comment_status":"closed","ping_status":"closed","template":"","meta":{"footnotes":""},"class_list":["post-151","page","type-page","status-publish","hentry"],"_links":{"self":[{"href":"https:\/\/intuitivkunst-taastrup.dk\/index.php?rest_route=\/wp\/v2\/pages\/151"}],"collection":[{"href":"https:\/\/intuitivkunst-taastrup.dk\/index.php?rest_route=\/wp\/v2\/pages"}],"about":[{"href":"https:\/\/intuitivkunst-taastrup.dk\/index.php?rest_route=\/wp\/v2\/types\/page"}],"author":[{"embeddable":true,"href":"https:\/\/intuitivkunst-taastrup.dk\/index.php?rest_route=\/wp\/v2\/users\/1"}],"replies":[{"embeddable":true,"href":"https:\/\/intuitivkunst-taastrup.dk\/index.php?rest_route=%2Fwp%2Fv2%2Fcomments&post=151"}],"version-history":[{"count":2,"href":"https:\/\/intuitivkunst-taastrup.dk\/index.php?rest_route=\/wp\/v2\/pages\/151\/revisions"}],"predecessor-version":[{"id":155,"href":"https:\/\/intuitivkunst-taastrup.dk\/index.php?rest_route=\/wp\/v2\/pages\/151\/revisions\/155"}],"up":[{"embeddable":true,"href":"https:\/\/intuitivkunst-taastrup.dk\/index.php?rest_route=\/wp\/v2\/pages\/96"}],"wp:attachment":[{"href":"https:\/\/intuitivkunst-taastrup.dk\/index.php?rest_route=%2Fwp%2Fv2%2Fmedia&parent=151"}],"curies":[{"name":"wp","href":"https:\/\/api.w.org\/{rel}","templated":true}]}}